{"id":890,"date":"2021-04-16T15:35:41","date_gmt":"2021-04-16T15:35:41","guid":{"rendered":"https:\/\/vecses2.lutheran.hu\/?page_id=890"},"modified":"2023-03-16T18:19:29","modified_gmt":"2023-03-16T18:19:29","slug":"eskuvo","status":"publish","type":"page","link":"https:\/\/vecses2.lutheran.hu\/?page_id=890","title":{"rendered":"Esk\u00fcv\u0151"},"content":{"rendered":"\n<p>Meg\u00fajult templomunk kiv\u00e1l\u00f3 sz\u00ednhelye az esk\u00fcv\u0151nek. Ha a h\u00e1zasodni v\u00e1gy\u00f3k<br>ig\u00e9nyes, sz\u00e9p helyet keresnek arra, hogy Isten el\u0151tt h\u0171s\u00e9get fogadjanak<br>egym\u00e1snak, \u00e9s k\u00e9rj\u00e9k Isten \u00e1ld\u00e1s\u00e1t a h\u00e1zass\u00e1gukra, ebben a m\u00e9lt\u00f3<br>k\u00f6rnyezetben megtehetik. A n\u00e9gy alkalmas p\u00e1rkapcsolati<br>besz\u00e9lget\u00e9s a gy\u00fclekezet lelk\u00e9sz\u00e9vel az esk\u00fcv\u0151re val\u00f3 felk\u00e9sz\u00edt\u00e9s r\u00e9sze.<\/p>\n\n\n\n<p>Jelentkezni lehet a <a href=\"https:\/\/vecses2.lutheran.hu\/?page_id=20\" data-type=\"page\" data-id=\"20\">lelk\u00e9szn\u00e9l<\/a>.<\/p>\n\n\n\n<p>A presbit\u00e9rium d\u00f6nt\u00e9s\u00e9nek \u00e9rtelm\u00e9ben:<\/p>\n\n\n\n<ul class=\"wp-block-list\">\n<li>Az aj\u00e1nlott egyh\u00e1zfenntart\u00e1st (\u00e9vi 36.000 Ft\/f\u0151) fizet\u0151 h\u00e1zasodni k\u00edv\u00e1n\u00f3 gy\u00fclekezeti tagok sz\u00e1m\u00e1ra az esk\u00fcv\u0151, \u00e9s az arra felk\u00e9sz\u00edt\u0151 n\u00e9gy alkalmas p\u00e1rkapcsolati besz\u00e9lget\u00e9s <strong>50.000 Ft<\/strong>.<\/li>\n\n\n\n<li>A gy\u00fclekezethez nem tartoz\u00f3 h\u00e1zasodni k\u00edv\u00e1n\u00f3k sz\u00e1m\u00e1ra az esk\u00fcv\u0151 \u00e9s az arra felk\u00e9sz\u00edt\u0151 n\u00e9gy alkalmas p\u00e1rkapcsolati besz\u00e9lget\u00e9s <strong>100.000 Ft<\/strong>. Ez az \u00f6sszeg az\u00e9rt ilyen magas, mert az \u00fcnnepl\u0151 vend\u00e9gek meg szoktak feledkezni az adakoz\u00e1sr\u00f3l.<\/li>\n<\/ul>\n\n\n\n<figure class=\"wp-block-image size-large is-style-default\"><a href=\"https:\/\/vecses2.lutheran.hu\/wp-content\/uploads\/2021\/04\/IMG-7794-scaled.jpg\"><img loading=\"lazy\" decoding=\"async\" width=\"1024\" height=\"768\" src=\"https:\/\/vecses2.lutheran.hu\/wp-content\/uploads\/2021\/04\/IMG-7794-1024x768.jpg\" alt=\"Esk\u00fcv\u0151re feld\u00edsz\u00edtett templom\" class=\"wp-image-902\" srcset=\"https:\/\/vecses2.lutheran.hu\/wp-content\/uploads\/2021\/04\/IMG-7794-1024x768.jpg 1024w, https:\/\/vecses2.lutheran.hu\/wp-content\/uploads\/2021\/04\/IMG-7794-300x225.jpg 300w, https:\/\/vecses2.lutheran.hu\/wp-content\/uploads\/2021\/04\/IMG-7794-768x576.jpg 768w, https:\/\/vecses2.lutheran.hu\/wp-content\/uploads\/2021\/04\/IMG-7794-1536x1152.jpg 1536w, https:\/\/vecses2.lutheran.hu\/wp-content\/uploads\/2021\/04\/IMG-7794-2048x1536.jpg 2048w, https:\/\/vecses2.lutheran.hu\/wp-content\/uploads\/2021\/04\/IMG-7794-600x450.jpg 600w\" sizes=\"auto, (max-width: 1024px) 100vw, 1024px\" \/><\/a><\/figure>\n","protected":false},"excerpt":{"rendered":"<p>Meg\u00fajult templomunk kiv\u00e1l\u00f3 sz\u00ednhelye az esk\u00fcv\u0151nek. Ha a h\u00e1zasodni v\u00e1gy\u00f3kig\u00e9nyes, sz\u00e9p helyet keresnek arra, hogy Isten el\u0151tt h\u0171s\u00e9get fogadjanakegym\u00e1snak, \u00e9s<\/p>\n","protected":false},"author":1,"featured_media":0,"parent":894,"menu_order":2,"comment_status":"closed","ping_status":"closed","template":"","meta":{"footnotes":""},"class_list":["post-890","page","type-page","status-publish","hentry","comments-off"],"_links":{"self":[{"href":"https:\/\/vecses2.lutheran.hu\/index.php?rest_route=\/wp\/v2\/pages\/890","targetHints":{"allow":["GET"]}}],"collection":[{"href":"https:\/\/vecses2.lutheran.hu\/index.php?rest_route=\/wp\/v2\/pages"}],"about":[{"href":"https:\/\/vecses2.lutheran.hu\/index.php?rest_route=\/wp\/v2\/types\/page"}],"author":[{"embeddable":true,"href":"https:\/\/vecses2.lutheran.hu\/index.php?rest_route=\/wp\/v2\/users\/1"}],"replies":[{"embeddable":true,"href":"https:\/\/vecses2.lutheran.hu\/index.php?rest_route=%2Fwp%2Fv2%2Fcomments&post=890"}],"version-history":[{"count":8,"href":"https:\/\/vecses2.lutheran.hu\/index.php?rest_route=\/wp\/v2\/pages\/890\/revisions"}],"predecessor-version":[{"id":1041,"href":"https:\/\/vecses2.lutheran.hu\/index.php?rest_route=\/wp\/v2\/pages\/890\/revisions\/1041"}],"up":[{"embeddable":true,"href":"https:\/\/vecses2.lutheran.hu\/index.php?rest_route=\/wp\/v2\/pages\/894"}],"wp:attachment":[{"href":"https:\/\/vecses2.lutheran.hu\/index.php?rest_route=%2Fwp%2Fv2%2Fmedia&parent=890"}],"curies":[{"name":"wp","href":"https:\/\/api.w.org\/{rel}","templated":true}]}}