{"id":225,"date":"2018-03-04T15:28:10","date_gmt":"2018-03-04T15:28:10","guid":{"rendered":"https:\/\/vecses2.lutheran.hu\/?page_id=225"},"modified":"2018-11-15T22:36:08","modified_gmt":"2018-11-15T22:36:08","slug":"taborok","status":"publish","type":"page","link":"https:\/\/vecses2.lutheran.hu\/?page_id=225","title":{"rendered":"T\u00e1borok"},"content":{"rendered":"<p>Ny\u00e1ri t\u00e1borainkba sz\u00edvesen l\u00e1tunk minden gyermeket \u00e9s fiatalt. Itt lehet\u0151s\u00e9g ny\u00edlik jobban megismerni egym\u00e1st, bar\u00e1ts\u00e1gok alakulnak ki, k\u00f6z\u00f6ss\u00e9g form\u00e1l\u00f3dik. A t\u00e1borok sor\u00e1n a mozg\u00e1sos j\u00e1t\u00e9kok, kir\u00e1ndul\u00e1sok \u00e9s az \u00e1h\u00edtatok, git\u00e1ros \u00e9nekl\u00e9sek egyens\u00falya biztos\u00edtja a gyermekek sz\u00e1m\u00e1ra a testi \u00e9s lelki felt\u00f6lt\u0151d\u00e9st.<\/p>\n","protected":false},"excerpt":{"rendered":"<p>Ny\u00e1ri t\u00e1borainkba sz\u00edvesen l\u00e1tunk minden gyermeket \u00e9s fiatalt. Itt lehet\u0151s\u00e9g ny\u00edlik jobban megismerni egym\u00e1st, bar\u00e1ts\u00e1gok alakulnak ki, k\u00f6z\u00f6ss\u00e9g form\u00e1l\u00f3dik. A<\/p>\n","protected":false},"author":2,"featured_media":0,"parent":28,"menu_order":3,"comment_status":"closed","ping_status":"closed","template":"","meta":{"footnotes":""},"class_list":["post-225","page","type-page","status-publish","hentry","comments-off"],"_links":{"self":[{"href":"https:\/\/vecses2.lutheran.hu\/index.php?rest_route=\/wp\/v2\/pages\/225","targetHints":{"allow":["GET"]}}],"collection":[{"href":"https:\/\/vecses2.lutheran.hu\/index.php?rest_route=\/wp\/v2\/pages"}],"about":[{"href":"https:\/\/vecses2.lutheran.hu\/index.php?rest_route=\/wp\/v2\/types\/page"}],"author":[{"embeddable":true,"href":"https:\/\/vecses2.lutheran.hu\/index.php?rest_route=\/wp\/v2\/users\/2"}],"replies":[{"embeddable":true,"href":"https:\/\/vecses2.lutheran.hu\/index.php?rest_route=%2Fwp%2Fv2%2Fcomments&post=225"}],"version-history":[{"count":2,"href":"https:\/\/vecses2.lutheran.hu\/index.php?rest_route=\/wp\/v2\/pages\/225\/revisions"}],"predecessor-version":[{"id":671,"href":"https:\/\/vecses2.lutheran.hu\/index.php?rest_route=\/wp\/v2\/pages\/225\/revisions\/671"}],"up":[{"embeddable":true,"href":"https:\/\/vecses2.lutheran.hu\/index.php?rest_route=\/wp\/v2\/pages\/28"}],"wp:attachment":[{"href":"https:\/\/vecses2.lutheran.hu\/index.php?rest_route=%2Fwp%2Fv2%2Fmedia&parent=225"}],"curies":[{"name":"wp","href":"https:\/\/api.w.org\/{rel}","templated":true}]}}